{"id":250,"date":"2022-07-23T18:07:06","date_gmt":"2022-07-23T18:07:06","guid":{"rendered":"https:\/\/tequilasoulmate.com\/?page_id=250"},"modified":"2023-11-22T17:31:04","modified_gmt":"2023-11-22T17:31:04","slug":"nuestro-tequila","status":"publish","type":"page","link":"https:\/\/tequilasoulmate.com\/index.php\/nuestro-tequila\/","title":{"rendered":"Nuestro Tequila"},"content":{"rendered":"\t\t<div data-elementor-type=\"wp-page\" data-elementor-id=\"250\" class=\"elementor elementor-250\">\n\t\t\t\t\t\t<section class=\"elementor-section elementor-top-section elementor-element elementor-element-1f8a6873 elementor-section-full_width elementor-section-content-middle elementor-section-stretched elementor-reverse-mobile elementor-section-height-default elementor-section-height-default\" data-id=\"1f8a6873\" data-element_type=\"section\" id=\"aboutus\" data-settings=\"{&quot;stretch_section&quot;:&quot;section-stretched&quot;,&quot;background_background&quot;:&quot;classic&quot;}\">\n\t\t\t\t\t\t<div class=\"elementor-container elementor-column-gap-no\">\n\t\t\t\t\t<div class=\"elementor-column elementor-col-50 elementor-top-column elementor-element elementor-element-79581ea6\" data-id=\"79581ea6\" data-element_type=\"column\" data-settings=\"{&quot;background_background&quot;:&quot;classic&quot;}\">\n\t\t\t<div class=\"elementor-widget-wrap elementor-element-populated\">\n\t\t\t\t\t<div class=\"elementor-background-overlay\"><\/div>\n\t\t\t\t\t\t<div class=\"elementor-element elementor-element-0c8951a elementor-widget elementor-widget-image\" data-id=\"0c8951a\" data-element_type=\"widget\" data-widget_type=\"image.default\">\n\t\t\t\t<div class=\"elementor-widget-container\">\n\t\t\t<style>\/*! elementor - v3.22.0 - 26-06-2024 *\/\n.elementor-widget-image{text-align:center}.elementor-widget-image a{display:inline-block}.elementor-widget-image a img[src$=\".svg\"]{width:48px}.elementor-widget-image img{vertical-align:middle;display:inline-block}<\/style>\t\t\t\t\t\t\t\t\t\t<img decoding=\"async\" width=\"203\" height=\"203\" src=\"https:\/\/tequilasoulmate.com\/wp-content\/uploads\/2023\/07\/silver-medal-sfwsc.png\" class=\"attachment-large size-large wp-image-1069\" alt=\"\" srcset=\"https:\/\/tequilasoulmate.com\/wp-content\/uploads\/2023\/07\/silver-medal-sfwsc.png 203w, https:\/\/tequilasoulmate.com\/wp-content\/uploads\/2023\/07\/silver-medal-sfwsc-150x150.png 150w, https:\/\/tequilasoulmate.com\/wp-content\/uploads\/2023\/07\/silver-medal-sfwsc-146x146.png 146w, https:\/\/tequilasoulmate.com\/wp-content\/uploads\/2023\/07\/silver-medal-sfwsc-50x50.png 50w, https:\/\/tequilasoulmate.com\/wp-content\/uploads\/2023\/07\/silver-medal-sfwsc-75x75.png 75w, https:\/\/tequilasoulmate.com\/wp-content\/uploads\/2023\/07\/silver-medal-sfwsc-85x85.png 85w, https:\/\/tequilasoulmate.com\/wp-content\/uploads\/2023\/07\/silver-medal-sfwsc-80x80.png 80w\" sizes=\"(max-width: 203px) 100vw, 203px\" \/>\t\t\t\t\t\t\t\t\t\t\t\t\t<\/div>\n\t\t\t\t<\/div>\n\t\t\t\t<div class=\"elementor-element elementor-element-7f43713a elementor-widget elementor-widget-text-editor\" data-id=\"7f43713a\" data-element_type=\"widget\" data-widget_type=\"text-editor.default\">\n\t\t\t\t<div class=\"elementor-widget-container\">\n\t\t\t<style>\/*! elementor - v3.22.0 - 26-06-2024 *\/\n.elementor-widget-text-editor.elementor-drop-cap-view-stacked .elementor-drop-cap{background-color:#69727d;color:#fff}.elementor-widget-text-editor.elementor-drop-cap-view-framed .elementor-drop-cap{color:#69727d;border:3px solid;background-color:transparent}.elementor-widget-text-editor:not(.elementor-drop-cap-view-default) .elementor-drop-cap{margin-top:8px}.elementor-widget-text-editor:not(.elementor-drop-cap-view-default) .elementor-drop-cap-letter{width:1em;height:1em}.elementor-widget-text-editor .elementor-drop-cap{float:left;text-align:center;line-height:1;font-size:50px}.elementor-widget-text-editor .elementor-drop-cap-letter{display:inline-block}<\/style>\t\t\t\t<h6>Tequila Blanco<\/h6><p><strong>Elaborado cuidadosamente en nuestra destiler\u00eda con un proceso de doble destilaci\u00f3n en alambique de cobre, Este tequila, no es sometido a ning\u00fan proceso de a\u00f1ejamiento o maduraci\u00f3n, m\u00e1s que a un periodo final<\/strong><\/p><p><strong>A la vista tenemos un Tequila totalmente transparente, tonos brillantes con cuerpo y matices plata.<\/strong><\/p><p><strong>En aromas tiene notas herbales, minerales y c\u00edtricos, muy fresco, todo esto manifiesta las autenticas caracter\u00edsticas de un tequila blanco.<\/strong><\/p><p><strong>Su Sabor predominante es el agave cocido , puede ser un poco dulce , porque naturalmente contiene mieles dulces pero a su vez no dejara de tener los sabores propios de la tierra donde se sembr\u00f3 el agave.<\/strong><\/p><p>\u00a0<\/p>\t\t\t\t\t\t<\/div>\n\t\t\t\t<\/div>\n\t\t\t\t\t<\/div>\n\t\t<\/div>\n\t\t\t\t<div class=\"elementor-column elementor-col-50 elementor-top-column elementor-element elementor-element-10edb6d7\" data-id=\"10edb6d7\" data-element_type=\"column\" data-settings=\"{&quot;background_background&quot;:&quot;classic&quot;}\">\n\t\t\t<div class=\"elementor-widget-wrap elementor-element-populated\">\n\t\t\t\t\t\t<div class=\"elementor-element elementor-element-62f7fc2 elementor-hidden-desktop elementor-hidden-tablet elementor-widget elementor-widget-image\" data-id=\"62f7fc2\" data-element_type=\"widget\" data-widget_type=\"image.default\">\n\t\t\t\t<div class=\"elementor-widget-container\">\n\t\t\t\t\t\t\t\t\t\t\t\t\t<img fetchpriority=\"high\" decoding=\"async\" width=\"1920\" height=\"2560\" src=\"https:\/\/tequilasoulmate.com\/wp-content\/uploads\/2022\/12\/IMG_20221213_132036-scaled.jpg\" class=\"attachment-full size-full wp-image-801\" alt=\"\" srcset=\"https:\/\/tequilasoulmate.com\/wp-content\/uploads\/2022\/12\/IMG_20221213_132036-scaled.jpg 1920w, https:\/\/tequilasoulmate.com\/wp-content\/uploads\/2022\/12\/IMG_20221213_132036-225x300.jpg 225w, https:\/\/tequilasoulmate.com\/wp-content\/uploads\/2022\/12\/IMG_20221213_132036-768x1024.jpg 768w, https:\/\/tequilasoulmate.com\/wp-content\/uploads\/2022\/12\/IMG_20221213_132036-1152x1536.jpg 1152w, https:\/\/tequilasoulmate.com\/wp-content\/uploads\/2022\/12\/IMG_20221213_132036-1536x2048.jpg 1536w, https:\/\/tequilasoulmate.com\/wp-content\/uploads\/2022\/12\/IMG_20221213_132036-110x146.jpg 110w, https:\/\/tequilasoulmate.com\/wp-content\/uploads\/2022\/12\/IMG_20221213_132036-38x50.jpg 38w, https:\/\/tequilasoulmate.com\/wp-content\/uploads\/2022\/12\/IMG_20221213_132036-56x75.jpg 56w\" sizes=\"(max-width: 1920px) 100vw, 1920px\" \/>\t\t\t\t\t\t\t\t\t\t\t\t\t<\/div>\n\t\t\t\t<\/div>\n\t\t\t\t\t<\/div>\n\t\t<\/div>\n\t\t\t\t\t<\/div>\n\t\t<\/section>\n\t\t\t\t<section class=\"elementor-section elementor-top-section elementor-element elementor-element-4177f8c elementor-section-full_width elementor-section-content-middle elementor-section-stretched elementor-reverse-mobile elementor-section-height-default elementor-section-height-default\" data-id=\"4177f8c\" data-element_type=\"section\" data-settings=\"{&quot;stretch_section&quot;:&quot;section-stretched&quot;,&quot;background_background&quot;:&quot;classic&quot;}\">\n\t\t\t\t\t\t<div class=\"elementor-container elementor-column-gap-no\">\n\t\t\t\t\t<div class=\"elementor-column elementor-col-50 elementor-top-column elementor-element elementor-element-d05dc72\" data-id=\"d05dc72\" data-element_type=\"column\" data-settings=\"{&quot;background_background&quot;:&quot;classic&quot;}\">\n\t\t\t<div class=\"elementor-widget-wrap elementor-element-populated\">\n\t\t\t\t\t\t<div class=\"elementor-element elementor-element-6a016d6 elementor-hidden-desktop elementor-hidden-tablet elementor-widget elementor-widget-image\" data-id=\"6a016d6\" data-element_type=\"widget\" data-widget_type=\"image.default\">\n\t\t\t\t<div class=\"elementor-widget-container\">\n\t\t\t\t\t\t\t\t\t\t\t\t\t<img fetchpriority=\"high\" decoding=\"async\" width=\"1920\" height=\"2560\" src=\"https:\/\/tequilasoulmate.com\/wp-content\/uploads\/2022\/12\/IMG_20221213_132036-scaled.jpg\" class=\"attachment-full size-full wp-image-801\" alt=\"\" srcset=\"https:\/\/tequilasoulmate.com\/wp-content\/uploads\/2022\/12\/IMG_20221213_132036-scaled.jpg 1920w, https:\/\/tequilasoulmate.com\/wp-content\/uploads\/2022\/12\/IMG_20221213_132036-225x300.jpg 225w, https:\/\/tequilasoulmate.com\/wp-content\/uploads\/2022\/12\/IMG_20221213_132036-768x1024.jpg 768w, https:\/\/tequilasoulmate.com\/wp-content\/uploads\/2022\/12\/IMG_20221213_132036-1152x1536.jpg 1152w, https:\/\/tequilasoulmate.com\/wp-content\/uploads\/2022\/12\/IMG_20221213_132036-1536x2048.jpg 1536w, https:\/\/tequilasoulmate.com\/wp-content\/uploads\/2022\/12\/IMG_20221213_132036-110x146.jpg 110w, https:\/\/tequilasoulmate.com\/wp-content\/uploads\/2022\/12\/IMG_20221213_132036-38x50.jpg 38w, https:\/\/tequilasoulmate.com\/wp-content\/uploads\/2022\/12\/IMG_20221213_132036-56x75.jpg 56w\" sizes=\"(max-width: 1920px) 100vw, 1920px\" \/>\t\t\t\t\t\t\t\t\t\t\t\t\t<\/div>\n\t\t\t\t<\/div>\n\t\t\t\t\t<\/div>\n\t\t<\/div>\n\t\t\t\t<div class=\"elementor-column elementor-col-50 elementor-top-column elementor-element elementor-element-7b62961\" data-id=\"7b62961\" data-element_type=\"column\" data-settings=\"{&quot;background_background&quot;:&quot;classic&quot;}\">\n\t\t\t<div class=\"elementor-widget-wrap elementor-element-populated\">\n\t\t\t\t\t<div class=\"elementor-background-overlay\"><\/div>\n\t\t\t\t\t\t<div class=\"elementor-element elementor-element-dd8a62b elementor-widget elementor-widget-image\" data-id=\"dd8a62b\" data-element_type=\"widget\" data-widget_type=\"image.default\">\n\t\t\t\t<div class=\"elementor-widget-container\">\n\t\t\t\t\t\t\t\t\t\t\t\t\t<img decoding=\"async\" width=\"203\" height=\"203\" src=\"https:\/\/tequilasoulmate.com\/wp-content\/uploads\/2023\/07\/gold-medal-sfwsc.png\" class=\"attachment-large size-large wp-image-1070\" alt=\"\" srcset=\"https:\/\/tequilasoulmate.com\/wp-content\/uploads\/2023\/07\/gold-medal-sfwsc.png 203w, https:\/\/tequilasoulmate.com\/wp-content\/uploads\/2023\/07\/gold-medal-sfwsc-150x150.png 150w, https:\/\/tequilasoulmate.com\/wp-content\/uploads\/2023\/07\/gold-medal-sfwsc-146x146.png 146w, https:\/\/tequilasoulmate.com\/wp-content\/uploads\/2023\/07\/gold-medal-sfwsc-50x50.png 50w, https:\/\/tequilasoulmate.com\/wp-content\/uploads\/2023\/07\/gold-medal-sfwsc-75x75.png 75w, https:\/\/tequilasoulmate.com\/wp-content\/uploads\/2023\/07\/gold-medal-sfwsc-85x85.png 85w, https:\/\/tequilasoulmate.com\/wp-content\/uploads\/2023\/07\/gold-medal-sfwsc-80x80.png 80w\" sizes=\"(max-width: 203px) 100vw, 203px\" \/>\t\t\t\t\t\t\t\t\t\t\t\t\t<\/div>\n\t\t\t\t<\/div>\n\t\t\t\t<div class=\"elementor-element elementor-element-551e87e elementor-widget elementor-widget-text-editor\" data-id=\"551e87e\" data-element_type=\"widget\" data-widget_type=\"text-editor.default\">\n\t\t\t\t<div class=\"elementor-widget-container\">\n\t\t\t\t\t\t\t<h6>Tequila Reposado<\/h6><p><strong>Despu\u00e9s de tener un tequila blanco cuidadosamente elaborado, comenzamos la etapa de maduraci\u00f3n para obtener un tequila Reposado, utilizando barricas de roble americano, tostado medio, repos\u00e1ndolo \u00fanicamente 6 meses.<\/strong><\/p><p><strong>A la vista su color es amarillo ocre intenso, con tonos brillantes.<\/strong><\/p><p><strong>Su aroma es naturalmente amaderado, notas a agave.<\/strong><\/p><p><strong>El sabor mantiene la originalidad del agave, pero notas de madera de roble, pimienta y canela, picor medio y muy suave astringencia.<\/strong><\/p>\t\t\t\t\t\t<\/div>\n\t\t\t\t<\/div>\n\t\t\t\t\t<\/div>\n\t\t<\/div>\n\t\t\t\t\t<\/div>\n\t\t<\/section>\n\t\t\t\t<section class=\"elementor-section elementor-top-section elementor-element elementor-element-329f7b0 elementor-section-full_width elementor-section-content-middle elementor-section-stretched elementor-reverse-mobile elementor-section-height-default elementor-section-height-default\" data-id=\"329f7b0\" data-element_type=\"section\" data-settings=\"{&quot;stretch_section&quot;:&quot;section-stretched&quot;,&quot;background_background&quot;:&quot;classic&quot;}\">\n\t\t\t\t\t\t<div class=\"elementor-container elementor-column-gap-no\">\n\t\t\t\t\t<div class=\"elementor-column elementor-col-50 elementor-top-column elementor-element elementor-element-d47f840\" data-id=\"d47f840\" data-element_type=\"column\" data-settings=\"{&quot;background_background&quot;:&quot;classic&quot;}\">\n\t\t\t<div class=\"elementor-widget-wrap elementor-element-populated\">\n\t\t\t\t\t<div class=\"elementor-background-overlay\"><\/div>\n\t\t\t\t\t\t<div class=\"elementor-element elementor-element-6fb6dc4 elementor-widget elementor-widget-text-editor\" data-id=\"6fb6dc4\" data-element_type=\"widget\" data-widget_type=\"text-editor.default\">\n\t\t\t\t<div class=\"elementor-widget-container\">\n\t\t\t\t\t\t\t<h6>Tequila Cristalino<\/h6><p><b>Es un tequila reposado 6 meses en barrica roble americano, al termino de su reposo pasa por nuestros filtros de carb\u00f3n activado para obtener una mayor suavidad y la caracter\u00edstica de un verdadero tequila cristalino.<\/b><\/p><p><b>A la vista un color claro, de menor intensidad que nuestro tequila blanco, pero mantiene sus matices plata.<\/b><\/p><p><b>En olor, el primer olor es a agave, sin embargo, evoluciona y se obtienen notas a tierra, olor propio en una planta de agave.<\/b><\/p><p><b>Tiene sabor a barrica de roble blanco, es un sabor m\u00e1s suave por el trabajo de la filtraci\u00f3n, pero dulce, con un picor y a<\/b><strong>stringencia muy rico.<\/strong><\/p>\t\t\t\t\t\t<\/div>\n\t\t\t\t<\/div>\n\t\t\t\t\t<\/div>\n\t\t<\/div>\n\t\t\t\t<div class=\"elementor-column elementor-col-50 elementor-top-column elementor-element elementor-element-c709f69\" data-id=\"c709f69\" data-element_type=\"column\" data-settings=\"{&quot;background_background&quot;:&quot;classic&quot;}\">\n\t\t\t<div class=\"elementor-widget-wrap elementor-element-populated\">\n\t\t\t\t\t\t<div class=\"elementor-element elementor-element-b3c2f2a elementor-hidden-desktop elementor-hidden-tablet elementor-widget elementor-widget-image\" data-id=\"b3c2f2a\" data-element_type=\"widget\" data-widget_type=\"image.default\">\n\t\t\t\t<div class=\"elementor-widget-container\">\n\t\t\t\t\t\t\t\t\t\t\t\t\t<img fetchpriority=\"high\" decoding=\"async\" width=\"1920\" height=\"2560\" src=\"https:\/\/tequilasoulmate.com\/wp-content\/uploads\/2022\/12\/IMG_20221213_132036-scaled.jpg\" class=\"attachment-full size-full wp-image-801\" alt=\"\" srcset=\"https:\/\/tequilasoulmate.com\/wp-content\/uploads\/2022\/12\/IMG_20221213_132036-scaled.jpg 1920w, https:\/\/tequilasoulmate.com\/wp-content\/uploads\/2022\/12\/IMG_20221213_132036-225x300.jpg 225w, https:\/\/tequilasoulmate.com\/wp-content\/uploads\/2022\/12\/IMG_20221213_132036-768x1024.jpg 768w, https:\/\/tequilasoulmate.com\/wp-content\/uploads\/2022\/12\/IMG_20221213_132036-1152x1536.jpg 1152w, https:\/\/tequilasoulmate.com\/wp-content\/uploads\/2022\/12\/IMG_20221213_132036-1536x2048.jpg 1536w, https:\/\/tequilasoulmate.com\/wp-content\/uploads\/2022\/12\/IMG_20221213_132036-110x146.jpg 110w, https:\/\/tequilasoulmate.com\/wp-content\/uploads\/2022\/12\/IMG_20221213_132036-38x50.jpg 38w, https:\/\/tequilasoulmate.com\/wp-content\/uploads\/2022\/12\/IMG_20221213_132036-56x75.jpg 56w\" sizes=\"(max-width: 1920px) 100vw, 1920px\" \/>\t\t\t\t\t\t\t\t\t\t\t\t\t<\/div>\n\t\t\t\t<\/div>\n\t\t\t\t\t<\/div>\n\t\t<\/div>\n\t\t\t\t\t<\/div>\n\t\t<\/section>\n\t\t\t\t<section class=\"elementor-section elementor-top-section elementor-element elementor-element-4a8049c elementor-section-full_width elementor-section-content-middle elementor-section-stretched elementor-reverse-mobile elementor-section-height-default elementor-section-height-default\" data-id=\"4a8049c\" data-element_type=\"section\" data-settings=\"{&quot;stretch_section&quot;:&quot;section-stretched&quot;,&quot;background_background&quot;:&quot;classic&quot;}\">\n\t\t\t\t\t\t<div class=\"elementor-container elementor-column-gap-no\">\n\t\t\t\t\t<div class=\"elementor-column elementor-col-50 elementor-top-column elementor-element elementor-element-acb937f\" data-id=\"acb937f\" data-element_type=\"column\" data-settings=\"{&quot;background_background&quot;:&quot;classic&quot;}\">\n\t\t\t<div class=\"elementor-widget-wrap elementor-element-populated\">\n\t\t\t\t\t\t<div class=\"elementor-element elementor-element-d8687a4 elementor-hidden-desktop elementor-hidden-tablet elementor-widget elementor-widget-image\" data-id=\"d8687a4\" data-element_type=\"widget\" data-widget_type=\"image.default\">\n\t\t\t\t<div class=\"elementor-widget-container\">\n\t\t\t\t\t\t\t\t\t\t\t\t\t<img fetchpriority=\"high\" decoding=\"async\" width=\"1920\" height=\"2560\" src=\"https:\/\/tequilasoulmate.com\/wp-content\/uploads\/2022\/12\/IMG_20221213_132036-scaled.jpg\" class=\"attachment-full size-full wp-image-801\" alt=\"\" srcset=\"https:\/\/tequilasoulmate.com\/wp-content\/uploads\/2022\/12\/IMG_20221213_132036-scaled.jpg 1920w, https:\/\/tequilasoulmate.com\/wp-content\/uploads\/2022\/12\/IMG_20221213_132036-225x300.jpg 225w, https:\/\/tequilasoulmate.com\/wp-content\/uploads\/2022\/12\/IMG_20221213_132036-768x1024.jpg 768w, https:\/\/tequilasoulmate.com\/wp-content\/uploads\/2022\/12\/IMG_20221213_132036-1152x1536.jpg 1152w, https:\/\/tequilasoulmate.com\/wp-content\/uploads\/2022\/12\/IMG_20221213_132036-1536x2048.jpg 1536w, https:\/\/tequilasoulmate.com\/wp-content\/uploads\/2022\/12\/IMG_20221213_132036-110x146.jpg 110w, https:\/\/tequilasoulmate.com\/wp-content\/uploads\/2022\/12\/IMG_20221213_132036-38x50.jpg 38w, https:\/\/tequilasoulmate.com\/wp-content\/uploads\/2022\/12\/IMG_20221213_132036-56x75.jpg 56w\" sizes=\"(max-width: 1920px) 100vw, 1920px\" \/>\t\t\t\t\t\t\t\t\t\t\t\t\t<\/div>\n\t\t\t\t<\/div>\n\t\t\t\t\t<\/div>\n\t\t<\/div>\n\t\t\t\t<div class=\"elementor-column elementor-col-50 elementor-top-column elementor-element elementor-element-fc9db61\" data-id=\"fc9db61\" data-element_type=\"column\" data-settings=\"{&quot;background_background&quot;:&quot;classic&quot;}\">\n\t\t\t<div class=\"elementor-widget-wrap elementor-element-populated\">\n\t\t\t\t\t<div class=\"elementor-background-overlay\"><\/div>\n\t\t\t\t\t\t<div class=\"elementor-element elementor-element-b7cfe54 elementor-widget elementor-widget-text-editor\" data-id=\"b7cfe54\" data-element_type=\"widget\" data-widget_type=\"text-editor.default\">\n\t\t\t\t<div class=\"elementor-widget-container\">\n\t\t\t\t\t\t\t<h6>Tequila Extra A\u00f1ejo<\/h6><p><strong>A\u00f1ejado durante M\u00c1S DE 50 MESES en barricas de roble americano, este tequila tiene una calidad suprema, no queremos hablar de los atributos y carcteristivas organolepticas por que seria mejor que usted mismo descubra la experiencia de tener Soul Mate en su paladar.<\/strong><br \/><br \/><strong>El trabajo de nuestro maestro tequilero cuidando por mas de 4 a\u00f1os este tequila habla por s\u00ed solo, te invitamos a descubrir y probar por ti mismo (A) un tequila excepcional.<\/strong><\/p><p>\u00a0<\/p>\t\t\t\t\t\t<\/div>\n\t\t\t\t<\/div>\n\t\t\t\t\t<\/div>\n\t\t<\/div>\n\t\t\t\t\t<\/div>\n\t\t<\/section>\n\t\t\t\t<\/div>\n\t\t","protected":false},"excerpt":{"rendered":"<p>Tequila Blanco Elaborado cuidadosamente en nuestra destiler\u00eda con un proceso de doble destilaci\u00f3n en alambique de cobre, Este tequila, no es sometido a ning\u00fan proceso de<span class=\"excerpt-hellip\"> [\u2026]<\/span><\/p>\n","protected":false},"author":1,"featured_media":0,"parent":0,"menu_order":0,"comment_status":"closed","ping_status":"closed","template":"","meta":[],"_links":{"self":[{"href":"https:\/\/tequilasoulmate.com\/index.php\/wp-json\/wp\/v2\/pages\/250"}],"collection":[{"href":"https:\/\/tequilasoulmate.com\/index.php\/wp-json\/wp\/v2\/pages"}],"about":[{"href":"https:\/\/tequilasoulmate.com\/index.php\/wp-json\/wp\/v2\/types\/page"}],"author":[{"embeddable":true,"href":"https:\/\/tequilasoulmate.com\/index.php\/wp-json\/wp\/v2\/users\/1"}],"replies":[{"embeddable":true,"href":"https:\/\/tequilasoulmate.com\/index.php\/wp-json\/wp\/v2\/comments?post=250"}],"version-history":[{"count":481,"href":"https:\/\/tequilasoulmate.com\/index.php\/wp-json\/wp\/v2\/pages\/250\/revisions"}],"predecessor-version":[{"id":1418,"href":"https:\/\/tequilasoulmate.com\/index.php\/wp-json\/wp\/v2\/pages\/250\/revisions\/1418"}],"wp:attachment":[{"href":"https:\/\/tequilasoulmate.com\/index.php\/wp-json\/wp\/v2\/media?parent=250"}],"curies":[{"name":"wp","href":"https:\/\/api.w.org\/{rel}","templated":true}]}}